 14?
-4
Convert 10002 (base 4) to base 3.
100120
244 (base 11) to base 12
202
What is 32 (base 7) in base 12?
1b
What is 70 (base 8) in base 12?
48
Convert 7 (base 13) to base 10.
7
Convert -60 (base 14) to base 7.
-150
-6 (base 14) to base 9
-6
Convert c (base 16) to base 13.
c
1c (base 16) to base 5
103
Convert -2 (base 13) to base 2.
-10
15b (base 12) to base 4
3113
What is -183 (base 13) in base 3?
-101020
Convert 1030 (base 4) to base 8.
114
Convert 54 (base 13) to base 2.
1000101
-3140 (base 5) to base 11
-352
What is 9 (base 13) in base 6?
13
Convert -16a (base 13) to base 11.
-214
What is -21 (base 3) in base 15?
-7
What is -13 (base 14) in base 7?
-23
3 (base 7) to base 9
3
Convert -17 (base 12) to base 16.
-13
Convert 110100 (base 2) to base 15.
37
Convert 4 (base 14) to base 11.
4
Convert -7e (base 16) to base 15.
-86
What is 1101 (base 2) in base 3?
111
Convert -2 (base 6) to base 5.
-2
-2 (base 13) to base 3
-2
Convert 231 (base 4) to base 3.
1200
Convert 23 (base 5) to base 13.
10
76 (base 14) to base 5
404
What is -1 (base 6) in base 15?
-1
What is -4 (base 10) in base 16?
-4
What is -111 (base 8) in base 2?
-1001001
What is -39 (base 13) in base 16?
-30
What is -16 (base 10) in base 4?
-100
-42 (base 7) to base 12
-26
Convert -4 (base 16) to base 12.
-4
Convert 211 (base 4) to base 14.
29
Convert 32 (base 8) to base 16.
1a
-19 (base 14) to base 15
-18
What is -13 (base 7) in base 13?
-a
-2 (base 8) to base 2
-10
82 (base 10) to base 15
57
13 (base 7) to base 8
12
What is 2 (base 10) in base 5?
2
110 (base 2) to base 11
6
-21 (base 8) to base 5
-32
What is 1000 (base 5) in base 11?
104
Convert -222 (base 4) to base 16.
-2a
38 (base 10) to base 11
35
Convert 25 (base 6) to base 10.
17
Convert -10 (base 16) to base 12.
-14
Convert -3 (base 12) to base 6.
-3
101 (base 5) to base 9
28
What is -4 (base 10) in base 12?
-4
Convert -11b (base 12) to base 6.
-435
What is 3 (base 14) in base 7?
3
What is 8 (base 12) in base 6?
12
10210 (base 3) to base 4
1212
Convert -9 (base 16) to base 14.
-9
Convert -25 (base 11) to base 10.
-27
Convert -10 (base 15) to base 12.
-13
Convert -1 (base 11) to base 10.
-1
-5 (base 12) to base 9
-5
What is -40 (base 11) in base 3?
-1122
3 (base 15) to base 6
3
Convert -323 (base 4) to base 16.
-3b
What is -2 (base 15) in base 4?
-2
-7 (base 14) to base 2
-111
Convert 3 (base 12) to base 14.
3
What is 7 (base 8) in base 7?
10
What is 6 (base 8) in base 13?
6
-1100 (base 2) to base 10
-12
2 (base 8) to base 12
2
445 (base 6) to base 4
2231
What is -7 (base 11) in base 12?
-7
Convert ec (base 15) to base 14.
11c
What is 1 (base 6) in base 15?
1
What is 25 (base 11) in base 2?
11011
What is -2210 (base 4) in base 2?
-10100100
1 (base 12) to base 16
1
Convert 76 (base 15) to base 12.
93
Convert -41 (base 6) to base 7.
-34
13 (base 13) to base 16
10
99 (base 11) to base 3
11000
Convert 2 (base 14) to base 5.
2
Convert 4 (base 12) to base 3.
11
Convert -3 (base 4) to base 6.
-3
What is -3 (base 16) in base 4?
-3
Convert -6 (base 16) to base 5.
-11
Convert 14 (base 6) to base 3.
101
10210 (base 3) to base 14
74
What is 7a (base 11) in base 4?
1113
Convert -7 (base 15) to base 8.
-7
What is 17 (base 8) in base 6?
23
-1 (base 15) to base 10
-1
What is 146 (base 9) in base 16?
7b
Convert -17 (base 16) to base 8.
-27
Convert 2 (base 16) to base 6.
2
40 (base 6) to base 11
22
Convert -2100 (base 3) to base 10.
-63
What is -8 (base 10) in base 14?
-8
Convert 3 (base 14) to base 7.
3
Convert 15 (base 8) to base 4.
31
8 (base 9) to base 5
13
What is -126 (base 8) in base 7?
-152
Convert -2f (base 16) to base 9.
-52
What is 10 (base 15) in base 3?
120
What is -2 (base 13) in base 16?
-2
12 (base 14) to base 11
15
Convert -23 (base 11) to base 5.
-100
-1a0 (base 11) to base 4
-3213
What is -cb (base 16) in base 6?
-535
-3 (base 11) to base 2
-11
What is -1201 (base 4) in base 6?
-241
24 (base 6) to base 8
20
7 (base 8) to base 9
7
20 (base 8) to base 10
16
101101 (base 2) to base 8
55
-23 (base 11) to base 5
-100
Convert 1 (base 8) to base 6.
1
20 (base 5) to base 13
a
Convert c1 (base 13) to base 8.
235
53 (base 8) to base 4
223
What is 3 (base 11) in base 16?
3
46 (base 7) to base 8
42
What is 101100 (base 2) in base 9?
48
What is 4 (base 10) in base 4?
10
Convert -2 (base 15) to base 3.
-2
Convert 2 (base 14) to base 16.
2
134 (base 11) to base 7
314
What is -56 (base 8) in base 13?
-37
What is -5 (base 15) in base 7?
-5
3 (base 16) to base 3
10
Convert 4 (base 12) to base 6.
4
272 (base 10) to base 3
101002
1 (base 10) to base 11
1
3 (base 4) to base 2
11
11 (base 13) to base 15
e
5 (base 12) to base 6
5
28 (base 14) to base 6
100
Convert -62 (base 14) to base 9.
-105
29 (base 10) to base 5
104
What is 2 (base 15) in base 4?
2
What is 24 (base 8) in base 16?
14
What is -355 (base 8) in base 14?
-12d
What is 3 (base 15) in base 12?
3
-11 (base 11) to base 2
-1100
Convert -1 (base 6) to base 3.
-1
Convert 14 (base 8) to base 7.
15
-3 (base 9) to base 14
-3
Convert -2 (base 4) to base 7.
-2
What is -1a (base 15) in base 3?
-221
What is -6 (base 14) in base 5?
-11
What is 121 (base 7) in base 10?
64
111 (base 11) to base 3
11221
What is 18 (base 15) in base 10?
23
Convert -1 (base 5) to base 7.
-1
Convert 4 (base 6) to base 12.
4
What is -4 (base 14) in base 9?
-4
Convert 2 (base 5) to base 8.
2
201 (base 10) to base 14
105
Convert 202 (base 10) to base 11.
174
-123 (base 5) to base 6
-102
Convert 50 (base 8) to base 2.
101000
1 (base 15) to base 13
1
Convert 3 (base 15) to base 8.
3
-201 (base 3) to base 5
-34
-159 (base 10) to base 7
-315
-51 (base 7) to base 3
-1100
Convert 0 (base 16) to base 5.
0
Convert 0 (base 4) to base 10.
0
7 (base 13) to base 4
13
-233 (base 9) to base 5
-1232
Convert 110 (base 3) to base 6.
20
-41 (base 13) to base 11
-49
What is 38 (base 9) in base 12?
2b
What is -32 (base 4) in base 11?
-13
Convert -3 (base 9) to base 10.
-3
104 (base 7) to base 16
35
b6 (base 14) to base 7
316
What is -11 (base 4) in base 13?
-5
What is -11000000 (base 2) in base 13?
-11a
-2 (base 10) to base 15
-2
12 (base 3) to base 2
101
What is -242 (base 6) in base 8?
-142
What is 6 (base 11) in base 15?
6
a5 (base 11) to base 10
115
What is 7 (base 13) in base 11?
7
-3 (base 5) to base 11
-3
What is 110 (base 2) in base 8?
6
10 (base 3) to base 13
3
Convert 7 (base 11) to base 3.
21
What is -12 (base 10) in base 5?
-22
What is 51 (base 7) in base 3?
1100
What is -10 (base 2) in base 11?
-2
11111 (base 2) to base 10
31
Convert 2011 (base 3) to base 13.
46
-2 (base 10) to base 7
-2
Convert -1000 (base 4) to base 15.
-44
23 (base 11) to base 2
11001
Convert -2 (base 4) to base 5.
-2
Convert -21 (base 4) to base 6.
-13
Convert d (base 15) to base 9.
14
What is -37 (base 12) in base 4?
-223
What is 2 (base 10) in base 13?
2
10 (base 2) to base 8
2
What is -44 (base 10) in base 16?
-2c
-8 (base 15) to base 6
-12
What is -34 (base 11) in base 7?
-52
What is -59 (base 16) in base 2?
-1011001
What is 1431 (base 5) in base 15?
111
Convert -8 (base 16) to base 7.
-11
-1010 (base 4) to base 2
-1000100
Convert -101 (base 9) to base 15.
-57
What is 132 (base 5) in base 14?
30
What is -2 (base 10) in base 13?
-2
Convert -12100 (base 3) to base 12.
-100
What is 17 (base 9) in base 14?
12
What is -9 (base 14) in base 9?
-10
Convert -17 (base 10) to base 7.
-23
7 (base 12) to base 11
7
Convert 242 (base 6) to base 14.
70
1 (base 9) to base 11
1
Convert 156 (base 9) to base 5.
1012
Convert -46 (base 12) to base 11.
-4a
4 (base 11) to base 13
4
-5 (base 16) to base 13
-5
3 (base 7) to base 10
3
What is 40 (base 5) in base 3?
202
What is a4 (base 14) in base 6?
400
What is 2030 (base 4) in base 10?
140
-4 (base 9) to base 7
-4
What is -10 (base 3) in base 16?
-3
Convert 2 (base 8) to base 9.
2
Convert 10 (base 8) to base 7.
11
Convert -22 (base 3) to base 10.
-8
Convert 1001 (base 4) to base 11.
5a
0 (base 6) to base 9
0
What is 23 (base 10) in base 12?
1b
What is -17a (base 12) in base 3?
-22211
Convert 2b (base 14) to base 11.
36
-c (base 16) to base 9
-13
What is 3 (base 9) in base 14?
3
-46 (base 7) to base 3
-1021
0 (base 2) to base 8
0
111 (base 2) to base 3
21
Convert 20 (base 7) to base 9.
15
What is 1 (base 2) in base 6?
1
Conv